{"id":663,"date":"2026-01-25T05:36:55","date_gmt":"2026-01-25T05:36:55","guid":{"rendered":"https:\/\/ninhson-vn.com\/?post_type=product&#038;p=663"},"modified":"2026-01-25T12:55:08","modified_gmt":"2026-01-25T12:55:08","slug":"thiet-bi-do-luc-kep-khuon","status":"publish","type":"product","link":"https:\/\/ninhson-vn.com\/?product=thiet-bi-do-luc-kep-khuon","title":{"rendered":"Thi\u1ebft b\u1ecb \u0111o l\u1ef1c k\u1eb9p khu\u00f4n SML-DM1DA SML-DM4DA \u2013 Sensormate (\u0110\u00e0i Loan)"},"content":{"rendered":"<p data-start=\"467\" data-end=\"1035\"><strong data-start=\"467\" data-end=\"480\">SML-DM1DA<\/strong> v\u00e0 <strong data-start=\"484\" data-end=\"497\">SML-DM4DA<\/strong> l\u00e0 b\u1ed9 <strong data-start=\"504\" data-end=\"586\">m\u00e0n h\u00ecnh hi\u1ec3n th\u1ecb &amp; \u0111o l\u1ef1c k\u1eb9p khu\u00f4n (Clamping Force \/ Tie Bar Strain Monitor)<\/strong> do <strong data-start=\"590\" data-end=\"631\">Sensormate Technology Inc. \u2013 \u0110\u00e0i Loan<\/strong> ph\u00e1t tri\u1ec3n.<\/p>\n<p data-start=\"467\" data-end=\"1035\">D\u00f9ng \u0111\u1ec3 <strong data-start=\"652\" data-end=\"733\">theo d\u00f5i tr\u1ef1c ti\u1ebfp l\u1ef1c k\u1eb9p v\u00e0 bi\u1ebfn d\u1ea1ng thanh gi\u1eb1ng m\u00e1y \u00e9p nh\u1ef1a \/ die casting<\/strong>.<\/p>\n<p data-start=\"467\" data-end=\"1035\">Thi\u1ebft b\u1ecb gi\u00fap <strong data-start=\"749\" data-end=\"808\">\u0111\u1ea3m b\u1ea3o l\u1ef1c k\u1eb9p ch\u00ednh x\u00e1c, \u1ed5n \u0111\u1ecbnh v\u00e0 an to\u00e0n cho khu\u00f4n<\/strong>, \u0111\u1ed3ng th\u1eddi h\u1ed7 tr\u1ee3 <strong data-start=\"827\" data-end=\"887\">t\u1ed1i \u01b0u s\u1ea3n xu\u1ea5t, gi\u1ea3m l\u1ed7i v\u00e0 k\u00e9o d\u00e0i tu\u1ed5i th\u1ecd m\u00e1y, khu\u00f4n<\/strong>.<\/p>\n<p data-start=\"467\" data-end=\"1035\">\u0110\u00e2y l\u00e0 gi\u1ea3i ph\u00e1p \u0111o l\u1ef1c k\u1eb9p <strong data-start=\"917\" data-end=\"997\">chuy\u00ean nghi\u1ec7p cho c\u00e1c nh\u00e0 m\u00e1y s\u1ea3n xu\u1ea5t l\u1edbn v\u00e0 \u1ee9ng d\u1ee5ng c\u00f4ng nghi\u1ec7p hi\u1ec7n \u0111\u1ea1i.<\/strong><\/p>\n<hr data-start=\"1037\" data-end=\"1040\" \/>\n<h3 data-start=\"1042\" data-end=\"1095\">\ud83d\udccc <strong data-start=\"1049\" data-end=\"1095\">\u0110\u1eb7c \u0111i\u1ec3m n\u1ed5i b\u1eadt c\u1ee7a SML-DM1DA &amp; SML-DM4DA<\/strong><\/h3>\n<p data-start=\"1097\" data-end=\"1145\">\ud83d\udd39 <strong data-start=\"1100\" data-end=\"1143\">Hi\u1ec3n th\u1ecb l\u1ef1c k\u1eb9p tr\u1ef1c quan v\u00e0 ch\u00ednh x\u00e1c<\/strong><\/p>\n<ul data-start=\"1146\" data-end=\"1550\">\n<li data-start=\"1146\" data-end=\"1248\">\n<p data-start=\"1148\" data-end=\"1248\">SML-DM1DA: M\u00e0n h\u00ecnh <strong data-start=\"1168\" data-end=\"1187\">hi\u1ec3n th\u1ecb 1 k\u00eanh<\/strong> cho d\u1eef li\u1ec7u \u0111o m\u1ea1nh m\u1ebd, gi\u00fap \u0111\u1ecdc l\u1ef1c\/k\u1eb9p nhanh v\u00e0 d\u1ec5 d\u00e0ng.<\/p>\n<\/li>\n<li data-start=\"1249\" data-end=\"1550\">\n<p data-start=\"1251\" data-end=\"1550\">SML-DM4DA: M\u00e0n h\u00ecnh <strong data-start=\"1271\" data-end=\"1293\">4 k\u00eanh k\u1ef9 thu\u1eadt s\u1ed1<\/strong> hi\u1ec3n th\u1ecb \u0111a t\u00edn hi\u1ec7u \u0111\u1ed3ng th\u1eddi, ph\u00f9 h\u1ee3p v\u1edbi h\u1ec7 th\u1ed1ng c\u00f3 nhi\u1ec1u \u0111i\u1ec3m \u0111o.<br data-start=\"1364\" data-end=\"1367\" \/><br \/>\n\ud83d\udc49 C\u1ea3 hai m\u00e0n h\u00ecnh cho ph\u00e9p ng\u01b0\u1eddi v\u1eadn h\u00e0nh theo d\u00f5i l\u1ef1c k\u1eb9p v\u00e0 bi\u1ebfn d\u1ea1ng trong th\u1eddi gian th\u1ef1c, gi\u00fap ph\u00e1t hi\u1ec7n l\u1ec7ch l\u1ef1c k\u1eb9p &amp; \u0111i\u1ec1u ch\u1ec9nh k\u1ecbp th\u1eddi.<\/p>\n<\/li>\n<\/ul>\n<p data-start=\"1552\" data-end=\"1897\">\ud83d\udd39 <strong data-start=\"1555\" data-end=\"1603\">\u1ee8ng d\u1ee5ng r\u1ed9ng r\u00e3i trong c\u00f4ng nghi\u1ec7p \u00e9p &amp; \u0111\u00fac<\/strong><br data-start=\"1603\" data-end=\"1606\" \/><br \/>\nThi\u1ebft b\u1ecb \u0111\u01b0\u1ee3c thi\u1ebft k\u1ebf \u0111\u1ec3 ho\u1ea1t \u0111\u1ed9ng v\u1edbi c\u00e1c <strong data-start=\"1650\" data-end=\"1688\">c\u1ea3m bi\u1ebfn \u0111o bi\u1ebfn d\u1ea1ng\/strain gauge<\/strong> g\u1eafn tr\u00ean <strong data-start=\"1698\" data-end=\"1723\">tie bar (thanh gi\u1eb1ng).<\/strong><\/p>\n<p data-start=\"1552\" data-end=\"1897\">\u00a0Cho ph\u00e9p \u0111o tr\u1ef1c ti\u1ebfp l\u1ef1c k\u1eb9p m\u00e0 kh\u00f4ng l\u00e0m gi\u00e1n \u0111o\u1ea1n qu\u00e1 tr\u00ecnh v\u1eadn h\u00e0nh m\u00e1y, ph\u00f9 h\u1ee3p cho c\u00e1c d\u00f2ng m\u00e1y \u00e9p nh\u1ef1a, \u00e9p kim lo\u1ea1i, khu\u00f4n l\u1edbn.<\/p>\n<p data-start=\"1899\" data-end=\"2167\">\ud83d\udd39 <strong data-start=\"1902\" data-end=\"1947\">Gi\u00e1m s\u00e1t luy\u1ec7n k\u00fd thu\u1eadt &amp; b\u00e1o l\u1ed7i t\u1ef1 \u0111\u1ed9ng<\/strong><br data-start=\"1947\" data-end=\"1950\" \/><br \/>\nC\u1ea3 hai m\u00e0n h\u00ecnh \u0111\u1ec1u c\u00f3 t\u00f9y ch\u1ecdn <strong data-start=\"1982\" data-end=\"2004\">c\u1ed5ng RS485 (DM4DA)<\/strong> \u0111\u1ec3 k\u1ebft n\u1ed1i v\u1edbi h\u1ec7 th\u1ed1ng PLC \/ SCADA, cho ph\u00e9p gi\u00e1m s\u00e1t t\u1eeb xa, c\u1ea3nh b\u00e1o l\u1ed7i, v\u00e0 t\u00edch h\u1ee3p v\u00e0o h\u1ec7 th\u1ed1ng <strong data-start=\"2106\" data-end=\"2128\">Industry 4.0 \/ MES<\/strong>.<\/p>\n<p data-start=\"2169\" data-end=\"2540\">\ud83d\udd39 <strong data-start=\"2172\" data-end=\"2205\">\u0110\u1ed9 ch\u00ednh x\u00e1c cao \u2013 d\u1ec5 l\u1eafp \u0111\u1eb7t<\/strong><br data-start=\"2205\" data-end=\"2208\" \/><br \/>\nC\u00e1c m\u00e0n h\u00ecnh \u0111\u01b0\u1ee3c t\u1ed1i \u01b0u \u0111\u1ec3 ho\u1ea1t \u0111\u1ed9ng c\u00f9ng v\u1edbi c\u1ea3m bi\u1ebfn l\u1ef1c k\u1eb9p Sensormate SML series.<\/p>\n<p data-start=\"2169\" data-end=\"2540\">Mang l\u1ea1i <strong data-start=\"2304\" data-end=\"2385\">\u0111\u1ecdc l\u1ef1c tr\u1ef1c ti\u1ebfp v\u1edbi \u0111\u1ed9 ch\u00ednh x\u00e1c cao (\u00b11% ho\u1eb7c ~0.5% t\u00f9y h\u1ec7 th\u1ed1ng c\u1ea3m bi\u1ebfn)<\/strong> m\u00e0 kh\u00f4ng c\u1ea7n chuy\u1ec3n \u0111\u1ed5i ph\u1ee9c t\u1ea1p.<\/p>\n<p data-start=\"2169\" data-end=\"2540\">Vi\u1ec7c l\u1eafp \u0111\u1eb7t r\u1ea5t \u0111\u01a1n gi\u1ea3n, th\u00edch h\u1ee3p cho c\u1ea3 gi\u00e1m s\u00e1t t\u1ea1i ch\u1ed7 ho\u1eb7c gi\u00e1m s\u00e1t online.<\/p>\n<hr data-start=\"2542\" data-end=\"2545\" \/>\n<h2 data-start=\"2547\" data-end=\"2590\">\ud83d\udcca <strong data-start=\"2553\" data-end=\"2590\">\u01afu \u0111i\u1ec3m khi s\u1eed d\u1ee5ng SML-DM Series<\/strong><\/h2>\n<p data-start=\"2592\" data-end=\"2990\">\u2714 <strong data-start=\"2594\" data-end=\"2662\">Cho ph\u00e9p \u0111\u1ecdc l\u1ef1c k\u1eb9p tr\u1ef1c ti\u1ebfp v\u00e0 theo d\u00f5i bi\u1ebfn d\u1ea1ng thanh gi\u1eb1ng<\/strong><br data-start=\"2662\" data-end=\"2665\" \/><br \/>\n\u2714 <strong data-start=\"2667\" data-end=\"2723\">Gi\u1ea3m nguy c\u01a1 ph\u00e1 h\u1ee7y tie bar \/ h\u1ecfng khu\u00f4n do qu\u00e1 l\u1ef1c<\/strong><br data-start=\"2723\" data-end=\"2726\" \/><br \/>\n\u2714 <strong data-start=\"2728\" data-end=\"2795\">H\u1ed7 tr\u1ee3 chu\u1ea9n h\u00f3a thao t\u00e1c chu\u1ea9n b\u1ecb khu\u00f4n v\u00e0 ki\u1ec3m so\u00e1t quy tr\u00ecnh<\/strong><br data-start=\"2795\" data-end=\"2798\" \/><br \/>\n\u2714 <strong data-start=\"2800\" data-end=\"2863\">T\u00edch h\u1ee3p m\u1ea1ng RS485 d\u1ec5 d\u00e0ng cho h\u1ec7 th\u1ed1ng MES \/ PLC hi\u1ec7n \u0111\u1ea1i<\/strong><br data-start=\"2863\" data-end=\"2866\" \/><br \/>\n\u2714 <strong data-start=\"2868\" data-end=\"2952\">Gi\u1ea3i ph\u00e1p ph\u00f9 h\u1ee3p cho s\u1ea3n xu\u1ea5t nh\u1ef1a, \u0111\u00fac kim lo\u1ea1i, thi c\u00f4ng khu\u00f4n m\u1eabu quy m\u00f4 l\u1edbn<\/strong><\/p>\n<hr data-start=\"2992\" data-end=\"2995\" \/>\n<h2 data-start=\"2997\" data-end=\"3023\">\ud83d\udd27 <strong data-start=\"3003\" data-end=\"3023\">\u1ee8ng d\u1ee5ng th\u1ef1c t\u1ebf<\/strong><\/h2>\n<ul data-start=\"3025\" data-end=\"3356\">\n<li data-start=\"3025\" data-end=\"3074\">\n<p data-start=\"3027\" data-end=\"3074\"><strong data-start=\"3027\" data-end=\"3072\">Ki\u1ec3m so\u00e1t l\u1ef1c k\u1eb9p khu\u00f4n trong m\u00e1y \u00e9p nh\u1ef1a<\/strong><\/p>\n<\/li>\n<li data-start=\"3075\" data-end=\"3146\">\n<p data-start=\"3077\" data-end=\"3146\"><strong data-start=\"3077\" data-end=\"3144\">Gi\u00e1m s\u00e1t bi\u1ebfn d\u1ea1ng tie bar tr\u00ean thi\u1ebft b\u1ecb \u00e9p khu\u00f4n \/ die casting<\/strong><\/p>\n<\/li>\n<li data-start=\"3147\" data-end=\"3193\">\n<p data-start=\"3149\" data-end=\"3193\"><strong data-start=\"3149\" data-end=\"3191\">B\u1ea3o tr\u00ec \u0111\u1ecbnh k\u1ef3 &amp; c\u1ea3nh b\u00e1o qu\u00e1 l\u1ef1c k\u1eb9p<\/strong><\/p>\n<\/li>\n<li data-start=\"3194\" data-end=\"3249\">\n<p data-start=\"3196\" data-end=\"3249\"><strong data-start=\"3196\" data-end=\"3247\">Chu\u1ea9n h\u00f3a quy tr\u00ecnh v\u1eadn h\u00e0nh \u2013 \u0111\u00e0o t\u1ea1o k\u1ef9 thu\u1eadt<\/strong><\/p>\n<\/li>\n<li data-start=\"3250\" data-end=\"3356\">\n<p data-start=\"3252\" data-end=\"3356\"><strong data-start=\"3252\" data-end=\"3318\">T\u00edch h\u1ee3p d\u1eef li\u1ec7u s\u1ea3n xu\u1ea5t cho t\u1ef1 \u0111\u1ed9ng h\u00f3a &amp; b\u00e1o c\u00e1o ch\u1ea5t l\u01b0\u1ee3ng<\/strong><\/p>\n<\/li>\n<\/ul>\n<p><a href=\"https:\/\/sensormate.com\/dm1d\/\">Catalog Sensormate<\/a><\/p>\n","protected":false},"excerpt":{"rendered":"<p>SML-DM1DA v\u00e0 SML-DM4DA l\u00e0 b\u1ed9 m\u00e0n h\u00ecnh hi\u1ec3n th\u1ecb &amp; \u0111o l\u1ef1c k\u1eb9p khu\u00f4n (Clamping Force \/ Tie Bar Strain Monitor) do Sensormate Technology Inc. \u2013 \u0110\u00e0i Loan ph\u00e1t tri\u1ec3n. D\u00f9ng \u0111\u1ec3 theo d\u00f5i tr\u1ef1c ti\u1ebfp l\u1ef1c k\u1eb9p v\u00e0 bi\u1ebfn d\u1ea1ng thanh gi\u1eb1ng m\u00e1y \u00e9p nh\u1ef1a \/ die casting. Thi\u1ebft b\u1ecb gi\u00fap \u0111\u1ea3m b\u1ea3o l\u1ef1c&#8230;.<\/p>\n","protected":false},"featured_media":675,"comment_status":"open","ping_status":"closed","template":"","meta":[],"product_brand":[],"product_cat":[42,47],"product_tag":[],"class_list":{"0":"post-663","1":"product","2":"type-product","3":"status-publish","4":"has-post-thumbnail","6":"product_cat-thiet-bi-do-luc-kep-khuon-sensormate","7":"product_cat-thiet-bi-do-luong-sensormate","9":"first","10":"instock","11":"shipping-taxable","12":"product-type-simple"},"yoast_head":"<!-- This site is optimized with the Yoast SEO Premium plugin v23.2 (Yoast SEO v25.8) - https:\/\/yoast.com\/wordpress\/plugins\/seo\/ -->\n<title>Thi\u1ebft b\u1ecb \u0111o l\u1ef1c k\u1eb9p khu\u00f4n SML-DM1DA SML-DM4DA \u2013 Sensormate (\u0110\u00e0i Loan) - C\u00d4NG TY TNHH TH\u01af\u01a0NG M\u1ea0I D\u1ecaCH V\u1ee4 V\u00c0 S\u1ea2N PH\u1ea8M NINH S\u01a0N<\/title>\n<meta name=\"description\" content=\"SML-DM1DA v\u00e0 SML-DM4DA l\u00e0 b\u1ed9 m\u00e0n h\u00ecnh hi\u1ec3n th\u1ecb &amp; \u0111o l\u1ef1c k\u1eb9p khu\u00f4n (Clamping Force \/ Tie Bar Strain Monitor) do Sensormate \u2013 \u0110\u00e0i Loan ph\u00e1t tri\u1ec3n.\" \/>\n<meta name=\"robots\" content=\"noindex, follow, max-snippet:-1, max-image-preview:large, max-video-preview:-1\" \/>\n<meta property=\"og:locale\" content=\"vi_VN\" \/>\n<meta property=\"og:type\" content=\"article\" \/>\n<meta property=\"og:title\" content=\"Thi\u1ebft b\u1ecb \u0111o l\u1ef1c k\u1eb9p khu\u00f4n SML-DM1DA SML-DM4DA \u2013 Sensormate (\u0110\u00e0i Loan)\" \/>\n<meta property=\"og:description\" content=\"SML-DM1DA v\u00e0 SML-DM4DA l\u00e0 b\u1ed9 m\u00e0n h\u00ecnh hi\u1ec3n th\u1ecb &amp; \u0111o l\u1ef1c k\u1eb9p khu\u00f4n (Clamping Force \/ Tie Bar Strain Monitor) do Sensormate \u2013 \u0110\u00e0i Loan ph\u00e1t tri\u1ec3n.\" \/>\n<meta property=\"og:url\" content=\"https:\/\/ninhson-vn.com\/?product=thiet-bi-do-luc-kep-khuon\" \/>\n<meta property=\"og:site_name\" content=\"C\u00d4NG TY TNHH TH\u01af\u01a0NG M\u1ea0I D\u1ecaCH V\u1ee4 V\u00c0 S\u1ea2N PH\u1ea8M NINH S\u01a0N\" \/>\n<meta property=\"article:modified_time\" content=\"2026-01-25T12:55:08+00:00\" \/>\n<meta property=\"og:image\" content=\"https:\/\/ninhson-vn.com\/wp-content\/uploads\/z7465854910326_a28138b73abd2a4f615c59ff9eb6cc4a.jpg\" \/>\n\t<meta property=\"og:image:width\" content=\"194\" \/>\n\t<meta property=\"og:image:height\" content=\"194\" \/>\n\t<meta property=\"og:image:type\" content=\"image\/jpeg\" \/>\n<meta name=\"twitter:card\" content=\"summary_large_image\" \/>\n<meta name=\"twitter:label1\" content=\"\u01af\u1edbc t\u00ednh th\u1eddi gian \u0111\u1ecdc\" \/>\n\t<meta name=\"twitter:data1\" content=\"4 ph\u00fat\" \/>\n<script type=\"application\/ld+json\" class=\"yoast-schema-graph\">{\"@context\":\"https:\/\/schema.org\",\"@graph\":[{\"@type\":\"WebPage\",\"@id\":\"https:\/\/ninhson-vn.com\/?product=thiet-bi-do-luc-kep-khuon\",\"url\":\"https:\/\/ninhson-vn.com\/?product=thiet-bi-do-luc-kep-khuon\",\"name\":\"Thi\u1ebft b\u1ecb \u0111o l\u1ef1c k\u1eb9p khu\u00f4n SML-DM1DA SML-DM4DA \u2013 Sensormate (\u0110\u00e0i Loan) - C\u00d4NG TY TNHH TH\u01af\u01a0NG M\u1ea0I D\u1ecaCH V\u1ee4 V\u00c0 S\u1ea2N PH\u1ea8M NINH S\u01a0N\",\"isPartOf\":{\"@id\":\"https:\/\/ninhson-vn.com\/#website\"},\"primaryImageOfPage\":{\"@id\":\"https:\/\/ninhson-vn.com\/?product=thiet-bi-do-luc-kep-khuon#primaryimage\"},\"image\":{\"@id\":\"https:\/\/ninhson-vn.com\/?product=thiet-bi-do-luc-kep-khuon#primaryimage\"},\"thumbnailUrl\":\"https:\/\/ninhson-vn.com\/wp-content\/uploads\/z7465854910326_a28138b73abd2a4f615c59ff9eb6cc4a.jpg\",\"datePublished\":\"2026-01-25T05:36:55+00:00\",\"dateModified\":\"2026-01-25T12:55:08+00:00\",\"description\":\"SML-DM1DA v\u00e0 SML-DM4DA l\u00e0 b\u1ed9 m\u00e0n h\u00ecnh hi\u1ec3n th\u1ecb & \u0111o l\u1ef1c k\u1eb9p khu\u00f4n (Clamping Force \/ Tie Bar Strain Monitor) do Sensormate \u2013 \u0110\u00e0i Loan ph\u00e1t tri\u1ec3n.\",\"breadcrumb\":{\"@id\":\"https:\/\/ninhson-vn.com\/?product=thiet-bi-do-luc-kep-khuon#breadcrumb\"},\"inLanguage\":\"vi\",\"potentialAction\":[{\"@type\":\"ReadAction\",\"target\":[\"https:\/\/ninhson-vn.com\/?product=thiet-bi-do-luc-kep-khuon\"]}]},{\"@type\":\"ImageObject\",\"inLanguage\":\"vi\",\"@id\":\"https:\/\/ninhson-vn.com\/?product=thiet-bi-do-luc-kep-khuon#primaryimage\",\"url\":\"https:\/\/ninhson-vn.com\/wp-content\/uploads\/z7465854910326_a28138b73abd2a4f615c59ff9eb6cc4a.jpg\",\"contentUrl\":\"https:\/\/ninhson-vn.com\/wp-content\/uploads\/z7465854910326_a28138b73abd2a4f615c59ff9eb6cc4a.jpg\",\"width\":194,\"height\":194},{\"@type\":\"BreadcrumbList\",\"@id\":\"https:\/\/ninhson-vn.com\/?product=thiet-bi-do-luc-kep-khuon#breadcrumb\",\"itemListElement\":[{\"@type\":\"ListItem\",\"position\":1,\"name\":\"Trang ch\u1ee7\",\"item\":\"https:\/\/ninhson-vn.com\/\"},{\"@type\":\"ListItem\",\"position\":2,\"name\":\"C\u1eeda h\u00e0ng\",\"item\":\"https:\/\/ninhson-vn.com\/?page_id=12\"},{\"@type\":\"ListItem\",\"position\":3,\"name\":\"Thi\u1ebft b\u1ecb \u0111o l\u1ef1c k\u1eb9p khu\u00f4n SML-DM1DA SML-DM4DA \u2013 Sensormate (\u0110\u00e0i Loan)\"}]},{\"@type\":\"WebSite\",\"@id\":\"https:\/\/ninhson-vn.com\/#website\",\"url\":\"https:\/\/ninhson-vn.com\/\",\"name\":\"C\u00d4NG TY TNHH TH\u01af\u01a0NG M\u1ea0I D\u1ecaCH V\u1ee4 V\u00c0 S\u1ea2N PH\u1ea8M NINH S\u01a0N\",\"description\":\"\",\"potentialAction\":[{\"@type\":\"SearchAction\",\"target\":{\"@type\":\"EntryPoint\",\"urlTemplate\":\"https:\/\/ninhson-vn.com\/?s={search_term_string}\"},\"query-input\":{\"@type\":\"PropertyValueSpecification\",\"valueRequired\":true,\"valueName\":\"search_term_string\"}}],\"inLanguage\":\"vi\"}]}<\/script>\n<!-- \/ Yoast SEO Premium plugin. -->","yoast_head_json":{"title":"Thi\u1ebft b\u1ecb \u0111o l\u1ef1c k\u1eb9p khu\u00f4n SML-DM1DA SML-DM4DA \u2013 Sensormate (\u0110\u00e0i Loan) - C\u00d4NG TY TNHH TH\u01af\u01a0NG M\u1ea0I D\u1ecaCH V\u1ee4 V\u00c0 S\u1ea2N PH\u1ea8M NINH S\u01a0N","description":"SML-DM1DA v\u00e0 SML-DM4DA l\u00e0 b\u1ed9 m\u00e0n h\u00ecnh hi\u1ec3n th\u1ecb & \u0111o l\u1ef1c k\u1eb9p khu\u00f4n (Clamping Force \/ Tie Bar Strain Monitor) do Sensormate \u2013 \u0110\u00e0i Loan ph\u00e1t tri\u1ec3n.","robots":{"index":"noindex","follow":"follow","max-snippet":"max-snippet:-1","max-image-preview":"max-image-preview:large","max-video-preview":"max-video-preview:-1"},"og_locale":"vi_VN","og_type":"article","og_title":"Thi\u1ebft b\u1ecb \u0111o l\u1ef1c k\u1eb9p khu\u00f4n SML-DM1DA SML-DM4DA \u2013 Sensormate (\u0110\u00e0i Loan)","og_description":"SML-DM1DA v\u00e0 SML-DM4DA l\u00e0 b\u1ed9 m\u00e0n h\u00ecnh hi\u1ec3n th\u1ecb & \u0111o l\u1ef1c k\u1eb9p khu\u00f4n (Clamping Force \/ Tie Bar Strain Monitor) do Sensormate \u2013 \u0110\u00e0i Loan ph\u00e1t tri\u1ec3n.","og_url":"https:\/\/ninhson-vn.com\/?product=thiet-bi-do-luc-kep-khuon","og_site_name":"C\u00d4NG TY TNHH TH\u01af\u01a0NG M\u1ea0I D\u1ecaCH V\u1ee4 V\u00c0 S\u1ea2N PH\u1ea8M NINH S\u01a0N","article_modified_time":"2026-01-25T12:55:08+00:00","og_image":[{"width":194,"height":194,"url":"https:\/\/ninhson-vn.com\/wp-content\/uploads\/z7465854910326_a28138b73abd2a4f615c59ff9eb6cc4a.jpg","type":"image\/jpeg"}],"twitter_card":"summary_large_image","twitter_misc":{"\u01af\u1edbc t\u00ednh th\u1eddi gian \u0111\u1ecdc":"4 ph\u00fat"},"schema":{"@context":"https:\/\/schema.org","@graph":[{"@type":"WebPage","@id":"https:\/\/ninhson-vn.com\/?product=thiet-bi-do-luc-kep-khuon","url":"https:\/\/ninhson-vn.com\/?product=thiet-bi-do-luc-kep-khuon","name":"Thi\u1ebft b\u1ecb \u0111o l\u1ef1c k\u1eb9p khu\u00f4n SML-DM1DA SML-DM4DA \u2013 Sensormate (\u0110\u00e0i Loan) - C\u00d4NG TY TNHH TH\u01af\u01a0NG M\u1ea0I D\u1ecaCH V\u1ee4 V\u00c0 S\u1ea2N PH\u1ea8M NINH S\u01a0N","isPartOf":{"@id":"https:\/\/ninhson-vn.com\/#website"},"primaryImageOfPage":{"@id":"https:\/\/ninhson-vn.com\/?product=thiet-bi-do-luc-kep-khuon#primaryimage"},"image":{"@id":"https:\/\/ninhson-vn.com\/?product=thiet-bi-do-luc-kep-khuon#primaryimage"},"thumbnailUrl":"https:\/\/ninhson-vn.com\/wp-content\/uploads\/z7465854910326_a28138b73abd2a4f615c59ff9eb6cc4a.jpg","datePublished":"2026-01-25T05:36:55+00:00","dateModified":"2026-01-25T12:55:08+00:00","description":"SML-DM1DA v\u00e0 SML-DM4DA l\u00e0 b\u1ed9 m\u00e0n h\u00ecnh hi\u1ec3n th\u1ecb & \u0111o l\u1ef1c k\u1eb9p khu\u00f4n (Clamping Force \/ Tie Bar Strain Monitor) do Sensormate \u2013 \u0110\u00e0i Loan ph\u00e1t tri\u1ec3n.","breadcrumb":{"@id":"https:\/\/ninhson-vn.com\/?product=thiet-bi-do-luc-kep-khuon#breadcrumb"},"inLanguage":"vi","potentialAction":[{"@type":"ReadAction","target":["https:\/\/ninhson-vn.com\/?product=thiet-bi-do-luc-kep-khuon"]}]},{"@type":"ImageObject","inLanguage":"vi","@id":"https:\/\/ninhson-vn.com\/?product=thiet-bi-do-luc-kep-khuon#primaryimage","url":"https:\/\/ninhson-vn.com\/wp-content\/uploads\/z7465854910326_a28138b73abd2a4f615c59ff9eb6cc4a.jpg","contentUrl":"https:\/\/ninhson-vn.com\/wp-content\/uploads\/z7465854910326_a28138b73abd2a4f615c59ff9eb6cc4a.jpg","width":194,"height":194},{"@type":"BreadcrumbList","@id":"https:\/\/ninhson-vn.com\/?product=thiet-bi-do-luc-kep-khuon#breadcrumb","itemListElement":[{"@type":"ListItem","position":1,"name":"Trang ch\u1ee7","item":"https:\/\/ninhson-vn.com\/"},{"@type":"ListItem","position":2,"name":"C\u1eeda h\u00e0ng","item":"https:\/\/ninhson-vn.com\/?page_id=12"},{"@type":"ListItem","position":3,"name":"Thi\u1ebft b\u1ecb \u0111o l\u1ef1c k\u1eb9p khu\u00f4n SML-DM1DA SML-DM4DA \u2013 Sensormate (\u0110\u00e0i Loan)"}]},{"@type":"WebSite","@id":"https:\/\/ninhson-vn.com\/#website","url":"https:\/\/ninhson-vn.com\/","name":"C\u00d4NG TY TNHH TH\u01af\u01a0NG M\u1ea0I D\u1ecaCH V\u1ee4 V\u00c0 S\u1ea2N PH\u1ea8M NINH S\u01a0N","description":"","potentialAction":[{"@type":"SearchAction","target":{"@type":"EntryPoint","urlTemplate":"https:\/\/ninhson-vn.com\/?s={search_term_string}"},"query-input":{"@type":"PropertyValueSpecification","valueRequired":true,"valueName":"search_term_string"}}],"inLanguage":"vi"}]}},"_links":{"self":[{"href":"https:\/\/ninhson-vn.com\/index.php?rest_route=\/wp\/v2\/product\/663","targetHints":{"allow":["GET"]}}],"collection":[{"href":"https:\/\/ninhson-vn.com\/index.php?rest_route=\/wp\/v2\/product"}],"about":[{"href":"https:\/\/ninhson-vn.com\/index.php?rest_route=\/wp\/v2\/types\/product"}],"replies":[{"embeddable":true,"href":"https:\/\/ninhson-vn.com\/index.php?rest_route=%2Fwp%2Fv2%2Fcomments&post=663"}],"wp:featuredmedia":[{"embeddable":true,"href":"https:\/\/ninhson-vn.com\/index.php?rest_route=\/wp\/v2\/media\/675"}],"wp:attachment":[{"href":"https:\/\/ninhson-vn.com\/index.php?rest_route=%2Fwp%2Fv2%2Fmedia&parent=663"}],"wp:term":[{"taxonomy":"product_brand","embeddable":true,"href":"https:\/\/ninhson-vn.com\/index.php?rest_route=%2Fwp%2Fv2%2Fproduct_brand&post=663"},{"taxonomy":"product_cat","embeddable":true,"href":"https:\/\/ninhson-vn.com\/index.php?rest_route=%2Fwp%2Fv2%2Fproduct_cat&post=663"},{"taxonomy":"product_tag","embeddable":true,"href":"https:\/\/ninhson-vn.com\/index.php?rest_route=%2Fwp%2Fv2%2Fproduct_tag&post=663"}],"curies":[{"name":"wp","href":"https:\/\/api.w.org\/{rel}","templated":true}]}}