{"id":680,"date":"2026-01-26T13:49:06","date_gmt":"2026-01-26T13:49:06","guid":{"rendered":"https:\/\/ninhson-vn.com\/?post_type=product&#038;p=680"},"modified":"2026-01-26T13:49:07","modified_gmt":"2026-01-26T13:49:07","slug":"cam-bien-tu-sml-wme-sensormate","status":"publish","type":"product","link":"https:\/\/ninhson-vn.com\/?product=cam-bien-tu-sml-wme-sensormate","title":{"rendered":"C\u1ea3m bi\u1ebfn t\u1eeb SML-WME Sensormate"},"content":{"rendered":"<ul>\n<li data-start=\"156\" data-end=\"300\">\n<p data-start=\"159\" data-end=\"300\">C\u1ea3m bi\u1ebfn <strong data-start=\"168\" data-end=\"208\">Wireless magnetic SML-WME Sensormate<\/strong> \u0111o l\u1ef1c k\u1eb9p ch\u00ednh x\u00e1c kh\u00f4ng d\u00e2y cho b\u1ed9 \u0111o l\u1ef1c k\u1eb9p khu\u00f4n m\u00e1y \u00e9p nh\u1ef1a, \u00e9p nh\u00f4m.<\/p>\n<\/li>\n<li data-start=\"301\" data-end=\"421\">\n<p data-start=\"304\" data-end=\"421\">Thi\u1ebft k\u1ebf <strong data-start=\"313\" data-end=\"348\">g\u1eafn nhanh b\u1eb1ng nam ch\u00e2m m\u1ea1nh m\u1ebd<\/strong>, kh\u00f4ng c\u1ea7n c\u00e1p k\u1ebft n\u1ed1i ph\u1ee9c t\u1ea1p.<\/p>\n<\/li>\n<li data-start=\"422\" data-end=\"536\">\n<p data-start=\"425\" data-end=\"536\">\u0110\u1ecdc l\u1ef1c tr\u1ef1c ti\u1ebfp v\u1edbi <strong data-start=\"447\" data-end=\"466\">\u0111\u1ed9 ch\u00ednh x\u00e1c 1%<\/strong> v\u00e0 d\u1eef li\u1ec7u hi\u1ec3n th\u1ecb \u0111\u01a1n gi\u1ea3n.<\/p>\n<\/li>\n<li data-start=\"537\" data-end=\"645\">\n<p data-start=\"540\" data-end=\"645\">D\u1eef li\u1ec7u \u0111o c\u00f3 th\u1ec3 <strong data-start=\"558\" data-end=\"604\">l\u01b0u, xu\u1ea5t file Excel v\u00e0 in th\u00f4ng s\u1ed1 \u0111\u1ea7y \u0111\u1ee7<\/strong>.<\/p>\n<\/li>\n<li data-start=\"646\" data-end=\"755\">\n<p data-start=\"649\" data-end=\"755\">SML-WME h\u1ed7 tr\u1ee3 \u0111o l\u1ef1c theo \u00b5\u0190, kN ho\u1eb7c t\u1ea5n m\u00e0 kh\u00f4ng c\u1ea7n t\u00ednh to\u00e1n.<\/p>\n<\/li>\n<li data-start=\"756\" data-end=\"871\">\n<p data-start=\"759\" data-end=\"871\">C\u1ea3m bi\u1ebfn <strong data-start=\"768\" data-end=\"791\">kh\u00f4ng d\u00e2y Bluetooth<\/strong> ph\u00f9 h\u1ee3p v\u1edbi \u0111i\u1ec7n tho\u1ea1i, tablet Android.<\/p>\n<\/li>\n<li data-start=\"872\" data-end=\"992\">\n<p data-start=\"875\" data-end=\"992\">Gi\u1ea3i ph\u00e1p <strong data-start=\"885\" data-end=\"919\">ki\u1ec3m so\u00e1t l\u1ef1c c\u00e2n b\u1eb1ng tie-bar<\/strong> hi\u1ec7u qu\u1ea3 cho m\u00e1y \u00e9p nh\u1ef1a, khu\u00f4n.<\/p>\n<\/li>\n<li data-start=\"993\" data-end=\"1110\">\n<p data-start=\"996\" data-end=\"1110\">B\u1ed9 s\u1ea3n ph\u1ea9m \u0111i k\u00e8m <strong data-start=\"1015\" data-end=\"1069\">receiver, s\u1ea1c pin v\u00e0 h\u1ed9p nh\u00f4m b\u1ea3o qu\u1ea3n chuy\u00ean d\u1ee5ng<\/strong>.<\/p>\n<\/li>\n<li data-start=\"1111\" data-end=\"1227\">\n<p data-start=\"1114\" data-end=\"1227\">SML-WME Sensormate gi\u00fap <strong data-start=\"1138\" data-end=\"1187\">b\u1ea3o v\u1ec7 m\u00e1y m\u00f3c v\u00e0 khu\u00f4n kh\u1ecfi qu\u00e1 t\u1ea3i l\u1ef1c k\u1eb9p.<\/strong><\/p>\n<\/li>\n<li data-start=\"1228\" data-end=\"1348\">\n<p data-start=\"1232\" data-end=\"1348\">C\u1ea3m bi\u1ebfn kh\u00f4ng d\u00e2y SML-WME l\u00e0 l\u1ef1a ch\u1ecdn t\u1ed1i \u01b0u cho <strong data-start=\"1282\" data-end=\"1310\">t\u1ef1 \u0111\u1ed9ng h\u00f3a c\u00f4ng nghi\u1ec7p<\/strong><\/p>\n<\/li>\n<\/ul>\n<p><a href=\"https:\/\/sensormate.com\/\">Catalog<\/a><\/p>\n","protected":false},"excerpt":{"rendered":"<p><a href=\"https:\/\/sensormate.com\/\">Catalog<\/a><\/p>\n","protected":false},"featured_media":669,"comment_status":"open","ping_status":"closed","template":"","meta":[],"product_brand":[],"product_cat":[42,47],"product_tag":[],"class_list":{"0":"post-680","1":"product","2":"type-product","3":"status-publish","4":"has-post-thumbnail","6":"product_cat-thiet-bi-do-luc-kep-khuon-sensormate","7":"product_cat-thiet-bi-do-luong-sensormate","9":"first","10":"instock","11":"shipping-taxable","12":"product-type-simple"},"yoast_head":"<!-- This site is optimized with the Yoast SEO Premium plugin v23.2 (Yoast SEO v25.8) - https:\/\/yoast.com\/wordpress\/plugins\/seo\/ -->\n<title>C\u1ea3m bi\u1ebfn t\u1eeb SML-WME Sensormate - C\u00d4NG TY TNHH TH\u01af\u01a0NG M\u1ea0I D\u1ecaCH V\u1ee4 V\u00c0 S\u1ea2N PH\u1ea8M NINH S\u01a0N<\/title>\n<meta name=\"description\" content=\"C\u1ea3m bi\u1ebfn Wireless magnetic SML-WME Sensormate \u0111o l\u1ef1c k\u1eb9p ch\u00ednh x\u00e1c kh\u00f4ng d\u00e2y cho b\u1ed9 \u0111o l\u1ef1c k\u1eb9p khu\u00f4n m\u00e1y \u00e9p nh\u1ef1a, \u00e9p nh\u00f4m.\" \/>\n<meta name=\"robots\" content=\"noindex, follow, max-snippet:-1, max-image-preview:large, max-video-preview:-1\" \/>\n<meta property=\"og:locale\" content=\"vi_VN\" \/>\n<meta property=\"og:type\" content=\"article\" \/>\n<meta property=\"og:title\" content=\"C\u1ea3m bi\u1ebfn t\u1eeb SML-WME Sensormate\" \/>\n<meta property=\"og:description\" content=\"C\u1ea3m bi\u1ebfn Wireless magnetic SML-WME Sensormate \u0111o l\u1ef1c k\u1eb9p ch\u00ednh x\u00e1c kh\u00f4ng d\u00e2y cho b\u1ed9 \u0111o l\u1ef1c k\u1eb9p khu\u00f4n m\u00e1y \u00e9p nh\u1ef1a, \u00e9p nh\u00f4m.\" \/>\n<meta property=\"og:url\" content=\"https:\/\/ninhson-vn.com\/?product=cam-bien-tu-sml-wme-sensormate\" \/>\n<meta property=\"og:site_name\" content=\"C\u00d4NG TY TNHH TH\u01af\u01a0NG M\u1ea0I D\u1ecaCH V\u1ee4 V\u00c0 S\u1ea2N PH\u1ea8M NINH S\u01a0N\" \/>\n<meta property=\"article:modified_time\" content=\"2026-01-26T13:49:07+00:00\" \/>\n<meta property=\"og:image\" content=\"https:\/\/ninhson-vn.com\/wp-content\/uploads\/z7465854778976_1fd1c0aed79bc48e52311ef43decf3c2.jpg\" \/>\n\t<meta property=\"og:image:width\" content=\"259\" \/>\n\t<meta property=\"og:image:height\" content=\"165\" \/>\n\t<meta property=\"og:image:type\" content=\"image\/jpeg\" \/>\n<meta name=\"twitter:card\" content=\"summary_large_image\" \/>\n<meta name=\"twitter:label1\" content=\"\u01af\u1edbc t\u00ednh th\u1eddi gian \u0111\u1ecdc\" \/>\n\t<meta name=\"twitter:data1\" content=\"2 ph\u00fat\" \/>\n<script type=\"application\/ld+json\" class=\"yoast-schema-graph\">{\"@context\":\"https:\/\/schema.org\",\"@graph\":[{\"@type\":\"WebPage\",\"@id\":\"https:\/\/ninhson-vn.com\/?product=cam-bien-tu-sml-wme-sensormate\",\"url\":\"https:\/\/ninhson-vn.com\/?product=cam-bien-tu-sml-wme-sensormate\",\"name\":\"C\u1ea3m bi\u1ebfn t\u1eeb SML-WME Sensormate - C\u00d4NG TY TNHH TH\u01af\u01a0NG M\u1ea0I D\u1ecaCH V\u1ee4 V\u00c0 S\u1ea2N PH\u1ea8M NINH S\u01a0N\",\"isPartOf\":{\"@id\":\"https:\/\/ninhson-vn.com\/#website\"},\"primaryImageOfPage\":{\"@id\":\"https:\/\/ninhson-vn.com\/?product=cam-bien-tu-sml-wme-sensormate#primaryimage\"},\"image\":{\"@id\":\"https:\/\/ninhson-vn.com\/?product=cam-bien-tu-sml-wme-sensormate#primaryimage\"},\"thumbnailUrl\":\"https:\/\/ninhson-vn.com\/wp-content\/uploads\/z7465854778976_1fd1c0aed79bc48e52311ef43decf3c2.jpg\",\"datePublished\":\"2026-01-26T13:49:06+00:00\",\"dateModified\":\"2026-01-26T13:49:07+00:00\",\"description\":\"C\u1ea3m bi\u1ebfn Wireless magnetic SML-WME Sensormate \u0111o l\u1ef1c k\u1eb9p ch\u00ednh x\u00e1c kh\u00f4ng d\u00e2y cho b\u1ed9 \u0111o l\u1ef1c k\u1eb9p khu\u00f4n m\u00e1y \u00e9p nh\u1ef1a, \u00e9p nh\u00f4m.\",\"breadcrumb\":{\"@id\":\"https:\/\/ninhson-vn.com\/?product=cam-bien-tu-sml-wme-sensormate#breadcrumb\"},\"inLanguage\":\"vi\",\"potentialAction\":[{\"@type\":\"ReadAction\",\"target\":[\"https:\/\/ninhson-vn.com\/?product=cam-bien-tu-sml-wme-sensormate\"]}]},{\"@type\":\"ImageObject\",\"inLanguage\":\"vi\",\"@id\":\"https:\/\/ninhson-vn.com\/?product=cam-bien-tu-sml-wme-sensormate#primaryimage\",\"url\":\"https:\/\/ninhson-vn.com\/wp-content\/uploads\/z7465854778976_1fd1c0aed79bc48e52311ef43decf3c2.jpg\",\"contentUrl\":\"https:\/\/ninhson-vn.com\/wp-content\/uploads\/z7465854778976_1fd1c0aed79bc48e52311ef43decf3c2.jpg\",\"width\":259,\"height\":165},{\"@type\":\"BreadcrumbList\",\"@id\":\"https:\/\/ninhson-vn.com\/?product=cam-bien-tu-sml-wme-sensormate#breadcrumb\",\"itemListElement\":[{\"@type\":\"ListItem\",\"position\":1,\"name\":\"Trang ch\u1ee7\",\"item\":\"https:\/\/ninhson-vn.com\/\"},{\"@type\":\"ListItem\",\"position\":2,\"name\":\"C\u1eeda h\u00e0ng\",\"item\":\"https:\/\/ninhson-vn.com\/?page_id=12\"},{\"@type\":\"ListItem\",\"position\":3,\"name\":\"C\u1ea3m bi\u1ebfn t\u1eeb SML-WME Sensormate\"}]},{\"@type\":\"WebSite\",\"@id\":\"https:\/\/ninhson-vn.com\/#website\",\"url\":\"https:\/\/ninhson-vn.com\/\",\"name\":\"C\u00d4NG TY TNHH TH\u01af\u01a0NG M\u1ea0I D\u1ecaCH V\u1ee4 V\u00c0 S\u1ea2N PH\u1ea8M NINH S\u01a0N\",\"description\":\"\",\"potentialAction\":[{\"@type\":\"SearchAction\",\"target\":{\"@type\":\"EntryPoint\",\"urlTemplate\":\"https:\/\/ninhson-vn.com\/?s={search_term_string}\"},\"query-input\":{\"@type\":\"PropertyValueSpecification\",\"valueRequired\":true,\"valueName\":\"search_term_string\"}}],\"inLanguage\":\"vi\"}]}<\/script>\n<!-- \/ Yoast SEO Premium plugin. -->","yoast_head_json":{"title":"C\u1ea3m bi\u1ebfn t\u1eeb SML-WME Sensormate - C\u00d4NG TY TNHH TH\u01af\u01a0NG M\u1ea0I D\u1ecaCH V\u1ee4 V\u00c0 S\u1ea2N PH\u1ea8M NINH S\u01a0N","description":"C\u1ea3m bi\u1ebfn Wireless magnetic SML-WME Sensormate \u0111o l\u1ef1c k\u1eb9p ch\u00ednh x\u00e1c kh\u00f4ng d\u00e2y cho b\u1ed9 \u0111o l\u1ef1c k\u1eb9p khu\u00f4n m\u00e1y \u00e9p nh\u1ef1a, \u00e9p nh\u00f4m.","robots":{"index":"noindex","follow":"follow","max-snippet":"max-snippet:-1","max-image-preview":"max-image-preview:large","max-video-preview":"max-video-preview:-1"},"og_locale":"vi_VN","og_type":"article","og_title":"C\u1ea3m bi\u1ebfn t\u1eeb SML-WME Sensormate","og_description":"C\u1ea3m bi\u1ebfn Wireless magnetic SML-WME Sensormate \u0111o l\u1ef1c k\u1eb9p ch\u00ednh x\u00e1c kh\u00f4ng d\u00e2y cho b\u1ed9 \u0111o l\u1ef1c k\u1eb9p khu\u00f4n m\u00e1y \u00e9p nh\u1ef1a, \u00e9p nh\u00f4m.","og_url":"https:\/\/ninhson-vn.com\/?product=cam-bien-tu-sml-wme-sensormate","og_site_name":"C\u00d4NG TY TNHH TH\u01af\u01a0NG M\u1ea0I D\u1ecaCH V\u1ee4 V\u00c0 S\u1ea2N PH\u1ea8M NINH S\u01a0N","article_modified_time":"2026-01-26T13:49:07+00:00","og_image":[{"width":259,"height":165,"url":"https:\/\/ninhson-vn.com\/wp-content\/uploads\/z7465854778976_1fd1c0aed79bc48e52311ef43decf3c2.jpg","type":"image\/jpeg"}],"twitter_card":"summary_large_image","twitter_misc":{"\u01af\u1edbc t\u00ednh th\u1eddi gian \u0111\u1ecdc":"2 ph\u00fat"},"schema":{"@context":"https:\/\/schema.org","@graph":[{"@type":"WebPage","@id":"https:\/\/ninhson-vn.com\/?product=cam-bien-tu-sml-wme-sensormate","url":"https:\/\/ninhson-vn.com\/?product=cam-bien-tu-sml-wme-sensormate","name":"C\u1ea3m bi\u1ebfn t\u1eeb SML-WME Sensormate - C\u00d4NG TY TNHH TH\u01af\u01a0NG M\u1ea0I D\u1ecaCH V\u1ee4 V\u00c0 S\u1ea2N PH\u1ea8M NINH S\u01a0N","isPartOf":{"@id":"https:\/\/ninhson-vn.com\/#website"},"primaryImageOfPage":{"@id":"https:\/\/ninhson-vn.com\/?product=cam-bien-tu-sml-wme-sensormate#primaryimage"},"image":{"@id":"https:\/\/ninhson-vn.com\/?product=cam-bien-tu-sml-wme-sensormate#primaryimage"},"thumbnailUrl":"https:\/\/ninhson-vn.com\/wp-content\/uploads\/z7465854778976_1fd1c0aed79bc48e52311ef43decf3c2.jpg","datePublished":"2026-01-26T13:49:06+00:00","dateModified":"2026-01-26T13:49:07+00:00","description":"C\u1ea3m bi\u1ebfn Wireless magnetic SML-WME Sensormate \u0111o l\u1ef1c k\u1eb9p ch\u00ednh x\u00e1c kh\u00f4ng d\u00e2y cho b\u1ed9 \u0111o l\u1ef1c k\u1eb9p khu\u00f4n m\u00e1y \u00e9p nh\u1ef1a, \u00e9p nh\u00f4m.","breadcrumb":{"@id":"https:\/\/ninhson-vn.com\/?product=cam-bien-tu-sml-wme-sensormate#breadcrumb"},"inLanguage":"vi","potentialAction":[{"@type":"ReadAction","target":["https:\/\/ninhson-vn.com\/?product=cam-bien-tu-sml-wme-sensormate"]}]},{"@type":"ImageObject","inLanguage":"vi","@id":"https:\/\/ninhson-vn.com\/?product=cam-bien-tu-sml-wme-sensormate#primaryimage","url":"https:\/\/ninhson-vn.com\/wp-content\/uploads\/z7465854778976_1fd1c0aed79bc48e52311ef43decf3c2.jpg","contentUrl":"https:\/\/ninhson-vn.com\/wp-content\/uploads\/z7465854778976_1fd1c0aed79bc48e52311ef43decf3c2.jpg","width":259,"height":165},{"@type":"BreadcrumbList","@id":"https:\/\/ninhson-vn.com\/?product=cam-bien-tu-sml-wme-sensormate#breadcrumb","itemListElement":[{"@type":"ListItem","position":1,"name":"Trang ch\u1ee7","item":"https:\/\/ninhson-vn.com\/"},{"@type":"ListItem","position":2,"name":"C\u1eeda h\u00e0ng","item":"https:\/\/ninhson-vn.com\/?page_id=12"},{"@type":"ListItem","position":3,"name":"C\u1ea3m bi\u1ebfn t\u1eeb SML-WME Sensormate"}]},{"@type":"WebSite","@id":"https:\/\/ninhson-vn.com\/#website","url":"https:\/\/ninhson-vn.com\/","name":"C\u00d4NG TY TNHH TH\u01af\u01a0NG M\u1ea0I D\u1ecaCH V\u1ee4 V\u00c0 S\u1ea2N PH\u1ea8M NINH S\u01a0N","description":"","potentialAction":[{"@type":"SearchAction","target":{"@type":"EntryPoint","urlTemplate":"https:\/\/ninhson-vn.com\/?s={search_term_string}"},"query-input":{"@type":"PropertyValueSpecification","valueRequired":true,"valueName":"search_term_string"}}],"inLanguage":"vi"}]}},"_links":{"self":[{"href":"https:\/\/ninhson-vn.com\/index.php?rest_route=\/wp\/v2\/product\/680","targetHints":{"allow":["GET"]}}],"collection":[{"href":"https:\/\/ninhson-vn.com\/index.php?rest_route=\/wp\/v2\/product"}],"about":[{"href":"https:\/\/ninhson-vn.com\/index.php?rest_route=\/wp\/v2\/types\/product"}],"replies":[{"embeddable":true,"href":"https:\/\/ninhson-vn.com\/index.php?rest_route=%2Fwp%2Fv2%2Fcomments&post=680"}],"wp:featuredmedia":[{"embeddable":true,"href":"https:\/\/ninhson-vn.com\/index.php?rest_route=\/wp\/v2\/media\/669"}],"wp:attachment":[{"href":"https:\/\/ninhson-vn.com\/index.php?rest_route=%2Fwp%2Fv2%2Fmedia&parent=680"}],"wp:term":[{"taxonomy":"product_brand","embeddable":true,"href":"https:\/\/ninhson-vn.com\/index.php?rest_route=%2Fwp%2Fv2%2Fproduct_brand&post=680"},{"taxonomy":"product_cat","embeddable":true,"href":"https:\/\/ninhson-vn.com\/index.php?rest_route=%2Fwp%2Fv2%2Fproduct_cat&post=680"},{"taxonomy":"product_tag","embeddable":true,"href":"https:\/\/ninhson-vn.com\/index.php?rest_route=%2Fwp%2Fv2%2Fproduct_tag&post=680"}],"curies":[{"name":"wp","href":"https:\/\/api.w.org\/{rel}","templated":true}]}}