{"id":690,"date":"2026-03-09T03:53:59","date_gmt":"2026-03-09T03:53:59","guid":{"rendered":"https:\/\/ninhson-vn.com\/?post_type=product&#038;p=690"},"modified":"2026-05-10T10:55:36","modified_gmt":"2026-05-10T10:55:36","slug":"bo-ga-ban-gap-nhanh-robot-ns-qr-01","status":"publish","type":"product","link":"https:\/\/ninhson-vn.com\/?product=bo-ga-ban-gap-nhanh-robot-ns-qr-01","title":{"rendered":"B\u1ed9 g\u00e1 b\u00e0n g\u1eafp nhanh robot NS-QR-01"},"content":{"rendered":"<article class=\"text-token-text-primary w-full focus:outline-none [--shadow-height:45px] has-data-writing-block:pointer-events-none has-data-writing-block:-mt-(--shadow-height) has-data-writing-block:pt-(--shadow-height) [&amp;:has([data-writing-block])&gt;*]:pointer-events-auto scroll-mt-[calc(var(--header-height)+min(200px,max(70px,20svh)))]\" dir=\"auto\" data-turn-id=\"request-WEB:adfa2293-8146-41b1-a3f8-7f056a037134-0\" data-testid=\"conversation-turn-2\" data-scroll-anchor=\"false\" data-turn=\"assistant\">\n<div class=\"text-base my-auto mx-auto [--thread-content-margin:var(--thread-content-margin-xs,calc(var(--spacing)*4))] @w-sm\/main:[--thread-content-margin:var(--thread-content-margin-sm,calc(var(--spacing)*6))] @w-lg\/main:[--thread-content-margin:var(--thread-content-margin-lg,calc(var(--spacing)*16))] px-(--thread-content-margin)\">\n<div class=\"[--thread-content-max-width:40rem] @w-lg\/main:[--thread-content-max-width:48rem] mx-auto max-w-(--thread-content-max-width) flex-1 group\/turn-messages focus-visible:outline-hidden relative flex w-full min-w-0 flex-col agent-turn\">\n<div class=\"flex max-w-full flex-col gap-4 grow\">\n<div class=\"min-h-8 text-message relative flex w-full flex-col items-end gap-2 text-start break-words whitespace-normal [.text-message+&amp;]:mt-1\" dir=\"auto\" data-message-author-role=\"assistant\" data-message-id=\"644fa3b7-385d-4d9d-8290-a993b66b0e99\" data-message-model-slug=\"gpt-5-3\">\n<div class=\"flex w-full flex-col gap-1 empty:hidden\">\n<div class=\"markdown prose dark:prose-invert w-full wrap-break-word light markdown-new-styling\">\n<p data-start=\"2135\" data-end=\"2194\"><strong data-start=\"0\" data-end=\"61\">Gi\u1edbi thi\u1ec7u b\u1ed9 g\u00e1 nhanh b\u00e0n g\u1eafp robot m\u00e1y \u00e9p nh\u1ef1a NS-QR-01<\/strong><\/p>\n<\/div>\n<\/div>\n<\/div>\n<\/div>\n<\/div>\n<\/div>\n<\/article>\n<article class=\"text-token-text-primary w-full focus:outline-none [--shadow-height:45px] has-data-writing-block:pointer-events-none has-data-writing-block:-mt-(--shadow-height) has-data-writing-block:pt-(--shadow-height) [&amp;:has([data-writing-block])&gt;*]:pointer-events-auto scroll-mt-[calc(var(--header-height)+min(200px,max(70px,20svh)))]\" dir=\"auto\" data-turn-id=\"request-WEB:adfa2293-8146-41b1-a3f8-7f056a037134-1\" data-testid=\"conversation-turn-4\" data-scroll-anchor=\"true\" data-turn=\"assistant\">\n<div class=\"text-base my-auto mx-auto pb-10 [--thread-content-margin:var(--thread-content-margin-xs,calc(var(--spacing)*4))] @w-sm\/main:[--thread-content-margin:var(--thread-content-margin-sm,calc(var(--spacing)*6))] @w-lg\/main:[--thread-content-margin:var(--thread-content-margin-lg,calc(var(--spacing)*16))] px-(--thread-content-margin)\">\n<div class=\"[--thread-content-max-width:40rem] @w-lg\/main:[--thread-content-max-width:48rem] mx-auto max-w-(--thread-content-max-width) flex-1 group\/turn-messages focus-visible:outline-hidden relative flex w-full min-w-0 flex-col agent-turn\">\n<div class=\"flex max-w-full flex-col gap-4 grow\">\n<div class=\"min-h-8 text-message relative flex w-full flex-col items-end gap-2 text-start break-words whitespace-normal [.text-message+&amp;]:mt-1\" dir=\"auto\" data-message-author-role=\"assistant\" data-message-id=\"09170512-14d6-4d66-b400-730740a0f9db\" data-message-model-slug=\"gpt-5-3\">\n<div class=\"flex w-full flex-col gap-1 empty:hidden\">\n<div class=\"markdown prose dark:prose-invert w-full wrap-break-word light markdown-new-styling\">\n<hr data-start=\"892\" data-end=\"895\" \/>\n<h1 data-section-id=\"mlotfa\" data-start=\"897\" data-end=\"933\">C\u00f4ng d\u1ee5ng c\u1ee7a b\u1ed9 g\u00e1 nhanh NS-QR-01<\/h1>\n<p data-start=\"935\" data-end=\"980\">B\u1ed9 g\u00e1 nhanh gi\u00fap k\u1ebft n\u1ed1i robot v\u1edbi jig g\u1eafp.<\/p>\n<p data-start=\"982\" data-end=\"1022\">Cho ph\u00e9p thay \u0111\u1ed5i \u0111\u1ea7u g\u1eafp nhanh ch\u00f3ng.<\/p>\n<p data-start=\"1024\" data-end=\"1075\">Gi\u00fap robot linh ho\u1ea1t khi s\u1ea3n xu\u1ea5t nhi\u1ec1u s\u1ea3n ph\u1ea9m.<\/p>\n<p data-start=\"1077\" data-end=\"1117\">Gi\u1ea3m th\u1eddi gian thay th\u1ebf jig g\u1eafp robot.<\/p>\n<p data-start=\"1119\" data-end=\"1162\">Gi\u1ea3m th\u1eddi gian setup d\u00e2y chuy\u1ec1n s\u1ea3n xu\u1ea5t.<\/p>\n<p data-start=\"1164\" data-end=\"1196\">T\u0103ng hi\u1ec7u su\u1ea5t v\u1eadn h\u00e0nh robot.<\/p>\n<p data-start=\"1198\" data-end=\"1239\">H\u1ed7 tr\u1ee3 s\u1ea3n xu\u1ea5t \u0111a ch\u1ee7ng lo\u1ea1i s\u1ea3n ph\u1ea9m.<\/p>\n<p data-start=\"1241\" data-end=\"1287\">Gi\u1ea3m thao t\u00e1c th\u00e1o l\u1eafp bu l\u00f4ng truy\u1ec1n th\u1ed1ng.<\/p>\n<p data-start=\"1289\" data-end=\"1325\">T\u0103ng \u0111\u1ed9 ch\u00ednh x\u00e1c khi l\u1eafp jig g\u1eafp.<\/p>\n<p data-start=\"1327\" data-end=\"1364\">\u0110\u1ea3m b\u1ea3o v\u1ecb tr\u00ed l\u1eb7p l\u1ea1i c\u1ee7a \u0111\u1ea7u g\u1eafp.<\/p>\n<hr data-start=\"1366\" data-end=\"1369\" \/>\n<h1 data-section-id=\"dyaov9\" data-start=\"1371\" data-end=\"1407\">Ch\u1ee9c n\u0103ng c\u1ee7a b\u1ed9 g\u00e1 nhanh NS-QR-01<\/h1>\n<p data-start=\"1409\" data-end=\"1447\">K\u1ebft n\u1ed1i nhanh gi\u1eefa robot v\u00e0 \u0111\u1ea7u g\u1eafp.<\/p>\n<p data-start=\"1449\" data-end=\"1483\">\u0110\u1ecbnh v\u1ecb ch\u00ednh x\u00e1c jig g\u1eafp robot.<\/p>\n<p data-start=\"1485\" data-end=\"1530\">Kh\u00f3a ch\u1eb7t \u0111\u1ea7u g\u1eafp trong qu\u00e1 tr\u00ecnh v\u1eadn h\u00e0nh.<\/p>\n<p data-start=\"1532\" data-end=\"1566\">Cho ph\u00e9p th\u00e1o l\u1eafp \u0111\u1ea7u g\u1eafp nhanh.<\/p>\n<p data-start=\"1568\" data-end=\"1612\">Gi\u1eef \u0111\u1ed9 ch\u00ednh x\u00e1c v\u1ecb tr\u00ed sau khi thay tool.<\/p>\n<p data-start=\"1614\" data-end=\"1650\">H\u1ea1n ch\u1ebf sai l\u1ec7ch khi thay \u0111\u1ea7u g\u1eafp.<\/p>\n<p data-start=\"1652\" data-end=\"1695\">H\u1ed7 tr\u1ee3 robot v\u1eadn h\u00e0nh \u1ed5n \u0111\u1ecbnh t\u1ed1c \u0111\u1ed9 cao.<\/p>\n<p data-start=\"1697\" data-end=\"1739\">Cho ph\u00e9p thay nhi\u1ec1u lo\u1ea1i EOAT kh\u00e1c nhau.<\/p>\n<p data-start=\"1741\" data-end=\"1793\">Gi\u00fap robot s\u1eed d\u1ee5ng nhi\u1ec1u jig trong m\u1ed9t d\u00e2y chuy\u1ec1n.<\/p>\n<hr data-start=\"1795\" data-end=\"1798\" \/>\n<h1 data-section-id=\"1b54pcj\" data-start=\"1800\" data-end=\"1839\">V\u1eadt li\u1ec7u ch\u1ebf t\u1ea1o b\u1ed9 g\u00e1 nhanh NS-QR-01<\/h1>\n<p data-start=\"1841\" data-end=\"1877\">Th\u00e2n ch\u00ednh th\u01b0\u1eddng l\u00e0m t\u1eeb nh\u00f4m CNC.<\/p>\n<p data-start=\"1879\" data-end=\"1914\">Nh\u00f4m gi\u00fap gi\u1ea3m tr\u1ecdng l\u01b0\u1ee3ng robot.<\/p>\n<p data-start=\"1916\" data-end=\"1955\">B\u1ec1 m\u1eb7t c\u00f3 th\u1ec3 anodized ch\u1ed1ng m\u00e0i m\u00f2n.<\/p>\n<p data-start=\"1957\" data-end=\"1996\">Ch\u1ed1t \u0111\u1ecbnh v\u1ecb th\u01b0\u1eddng l\u00e0m t\u1eeb th\u00e9p c\u1ee9ng.<\/p>\n<p data-start=\"1998\" data-end=\"2032\">C\u01a1 c\u1ea5u kh\u00f3a l\u00e0m t\u1eeb th\u00e9p h\u1ee3p kim.<\/p>\n<p data-start=\"2034\" data-end=\"2067\">Bu l\u00f4ng s\u1eed d\u1ee5ng th\u00e9p c\u01b0\u1eddng l\u1ef1c.<\/p>\n<p data-start=\"2069\" data-end=\"2104\">M\u1ed9t s\u1ed1 chi ti\u1ebft d\u00f9ng th\u00e9p m\u1ea1 k\u1ebdm.<\/p>\n<p data-start=\"2106\" data-end=\"2161\">V\u1eadt li\u1ec7u \u0111\u1ea3m b\u1ea3o \u0111\u1ed9 b\u1ec1n trong m\u00f4i tr\u01b0\u1eddng c\u00f4ng nghi\u1ec7p.<\/p>\n<p data-start=\"2163\" data-end=\"2202\">Thi\u1ebft k\u1ebf t\u1ed1i \u01b0u cho robot t\u1ed1c \u0111\u1ed9 cao.<\/p>\n<hr data-start=\"2204\" data-end=\"2207\" \/>\n<h1 data-section-id=\"16lqoh2\" data-start=\"2209\" data-end=\"2251\">Nguy\u00ean l\u00fd ho\u1ea1t \u0111\u1ed9ng b\u1ed9 g\u00e1 nhanh NS-QR-01<\/h1>\n<p data-start=\"2253\" data-end=\"2280\">B\u1ed9 g\u00e1 g\u1ed3m hai ph\u1ea7n ch\u00ednh.<\/p>\n<p data-start=\"2282\" data-end=\"2316\">M\u1ed9t ph\u1ea7n g\u1eafn c\u1ed1 \u0111\u1ecbnh tr\u00ean robot.<\/p>\n<p data-start=\"2318\" data-end=\"2354\">M\u1ed9t ph\u1ea7n g\u1eafn v\u1edbi jig g\u1eafp s\u1ea3n ph\u1ea9m.<\/p>\n<p data-start=\"2356\" data-end=\"2400\">Hai ph\u1ea7n \u0111\u01b0\u1ee3c \u0111\u1ecbnh v\u1ecb b\u1eb1ng ch\u1ed1t d\u1eabn h\u01b0\u1edbng.<\/p>\n<p data-start=\"2402\" data-end=\"2439\">Khi l\u1eafp v\u00e0o s\u1ebd t\u1ef1 c\u0103n ch\u1ec9nh v\u1ecb tr\u00ed.<\/p>\n<p data-start=\"2441\" data-end=\"2478\">C\u01a1 c\u1ea5u kh\u00f3a gi\u1eef ch\u1eb7t hai m\u1eb7t plate.<\/p>\n<p data-start=\"2480\" data-end=\"2514\">Thao t\u00e1c kh\u00f3a ho\u1eb7c m\u1edf r\u1ea5t nhanh.<\/p>\n<p data-start=\"2516\" data-end=\"2552\">Cho ph\u00e9p thay tool trong v\u00e0i gi\u00e2y.<\/p>\n<p data-start=\"2554\" data-end=\"2586\">\u0110\u1ea3m b\u1ea3o \u0111\u1ed9 l\u1eb7p l\u1ea1i v\u1ecb tr\u00ed cao.<\/p>\n<p data-start=\"2588\" data-end=\"2625\">Gi\u1eef \u0111\u1ed9 \u1ed5n \u0111\u1ecbnh khi robot ho\u1ea1t \u0111\u1ed9ng.<\/p>\n<hr data-start=\"2627\" data-end=\"2630\" \/>\n<h1 data-section-id=\"1la5xos\" data-start=\"2632\" data-end=\"2663\">\u1ee8ng d\u1ee5ng b\u1ed9 g\u00e1 nhanh NS-QR-01<\/h1>\n<p data-start=\"2665\" data-end=\"2709\">\u1ee8ng d\u1ee5ng trong robot g\u1eafp s\u1ea3n ph\u1ea9m \u00e9p nh\u1ef1a.<\/p>\n<p data-start=\"2711\" data-end=\"2749\">\u1ee8ng d\u1ee5ng trong robot g\u1eafp cu\u1ed1ng nh\u1ef1a.<\/p>\n<p data-start=\"2751\" data-end=\"2794\">\u1ee8ng d\u1ee5ng trong robot g\u1eafp runner khu\u00f4n \u00e9p.<\/p>\n<p data-start=\"2796\" data-end=\"2830\">\u1ee8ng d\u1ee5ng trong robot g\u1eafp insert.<\/p>\n<p data-start=\"2832\" data-end=\"2873\">\u1ee8ng d\u1ee5ng trong robot \u0111\u00f3ng g\u00f3i s\u1ea3n ph\u1ea9m.<\/p>\n<p data-start=\"2875\" data-end=\"2919\">\u1ee8ng d\u1ee5ng trong d\u00e2y chuy\u1ec1n l\u1eafp r\u00e1p t\u1ef1 \u0111\u1ed9ng.<\/p>\n<p data-start=\"2921\" data-end=\"2966\">\u1ee8ng d\u1ee5ng trong robot CNC loading unloading.<\/p>\n<p data-start=\"2968\" data-end=\"3003\">\u1ee8ng d\u1ee5ng trong robot palletizing.<\/p>\n<p data-start=\"3005\" data-end=\"3046\">\u1ee8ng d\u1ee5ng trong robot ki\u1ec3m tra s\u1ea3n ph\u1ea9m.<\/p>\n<p data-start=\"3048\" data-end=\"3100\">\u1ee8ng d\u1ee5ng trong d\u00e2y chuy\u1ec1n t\u1ef1 \u0111\u1ed9ng h\u00f3a c\u00f4ng nghi\u1ec7p.<\/p>\n<p data-start=\"3102\" data-end=\"3195\">H\u1ec7 quick change gi\u00fap robot d\u00f9ng nhi\u1ec1u tool kh\u00e1c nhau.<\/p>\n<hr data-start=\"3197\" data-end=\"3200\" \/>\n<h1 data-section-id=\"dki72h\" data-start=\"3202\" data-end=\"3232\">\u01afu \u0111i\u1ec3m b\u1ed9 g\u00e1 nhanh NS-QR-01<\/h1>\n<p data-start=\"3234\" data-end=\"3265\">Thay \u0111\u1ea7u g\u1eafp robot r\u1ea5t nhanh.<\/p>\n<p data-start=\"3267\" data-end=\"3293\">Gi\u1ea3m th\u1eddi gian d\u1eebng m\u00e1y.<\/p>\n<p data-start=\"3295\" data-end=\"3332\">T\u0103ng n\u0103ng su\u1ea5t d\u00e2y chuy\u1ec1n s\u1ea3n xu\u1ea5t.<\/p>\n<p data-start=\"3334\" data-end=\"3361\">\u0110\u1ed9 ch\u00ednh x\u00e1c l\u1eb7p l\u1ea1i cao.<\/p>\n<p data-start=\"3363\" data-end=\"3382\">Thi\u1ebft k\u1ebf nh\u1ecf g\u1ecdn.<\/p>\n<p data-start=\"3384\" data-end=\"3402\">Tr\u1ecdng l\u01b0\u1ee3ng nh\u1eb9.<\/p>\n<p data-start=\"3404\" data-end=\"3422\">D\u1ec5 d\u00e0ng l\u1eafp \u0111\u1eb7t.<\/p>\n<p data-start=\"3424\" data-end=\"3451\">Ph\u00f9 h\u1ee3p nhi\u1ec1u lo\u1ea1i robot.<\/p>\n<p data-start=\"3453\" data-end=\"3478\">Gi\u1ea3m chi ph\u00ed nh\u00e2n c\u00f4ng.<\/p>\n<p data-start=\"3480\" data-end=\"3511\">T\u0103ng t\u00ednh linh ho\u1ea1t s\u1ea3n xu\u1ea5t.<\/p>\n<hr data-start=\"3513\" data-end=\"3516\" \/>\n<h1 data-section-id=\"1tws85h\" data-start=\"3518\" data-end=\"3551\">Nh\u01b0\u1ee3c \u0111i\u1ec3m b\u1ed9 g\u00e1 nhanh NS-QR-01<\/h1>\n<p data-start=\"3553\" data-end=\"3597\">Chi ph\u00ed \u0111\u1ea7u t\u01b0 ban \u0111\u1ea7u cao h\u01a1n g\u00e1 c\u1ed1 \u0111\u1ecbnh.<\/p>\n<p data-start=\"3599\" data-end=\"3636\">C\u1ea7n gia c\u00f4ng jig ph\u00f9 h\u1ee3p v\u1edbi plate.<\/p>\n<p data-start=\"3638\" data-end=\"3673\">Ph\u1ea3i b\u1ea3o tr\u00ec c\u01a1 c\u1ea5u kh\u00f3a \u0111\u1ecbnh k\u1ef3.<\/p>\n<p data-start=\"3675\" data-end=\"3711\">Y\u00eau c\u1ea7u l\u1eafp \u0111\u1eb7t ch\u00ednh x\u00e1c ban \u0111\u1ea7u.<\/p>\n<p data-start=\"3713\" data-end=\"3760\">M\u1ed9t s\u1ed1 lo\u1ea1i t\u1ea3i tr\u1ecdng l\u1edbn c\u1ea7n thi\u1ebft k\u1ebf ri\u00eang.<\/p>\n<\/div>\n<\/div>\n<\/div>\n<\/div>\n<\/div>\n<\/div>\n<\/article>\n","protected":false},"excerpt":{"rendered":"<p>Ph\u00f9 h\u1ee3p v\u1edbi c\u00e1c d\u00f2ng robot Yushin, Star, Harmo, Sailor, v\u00e0 c\u00e1c maker t\u1eeb Trung Qu\u1ed1c v\u00e0 H\u00e0n Qu\u1ed1c.<\/p>\n<p>\u00a0&#8211; Yushin: NS-QR-YS<\/p>\n<p>\u00a0&#8211; Star: NS-QR-ST<\/p>\n<p>\u00a0&#8211; Harmo: NS-QR-HM<\/p>\n<p>\u00a0&#8211; C\u00e1c model robot c\u1ee7a Ch\u00e2u \u00c2u: NS-QR-EU<\/p>\n<p>\u00a0&#8211; C\u00e1c model robot c\u1ee7a Trung Qu\u1ed1c: NS-QR-CN<\/p>\n<p><a href=\"https:\/\/ninhson-vn.com\/wp-content\/uploads\/z7601692799146_8c79259dd898262a632b036910fcd1f3.jpg\"><img loading=\"lazy\" decoding=\"async\" class=\"alignnone size-full wp-image-693\" src=\"https:\/\/ninhson-vn.com\/wp-content\/uploads\/z7601692799146_8c79259dd898262a632b036910fcd1f3.jpg\" alt=\"\" width=\"1022\" height=\"705\" srcset=\"https:\/\/ninhson-vn.com\/wp-content\/uploads\/z7601692799146_8c79259dd898262a632b036910fcd1f3.jpg 1022w, https:\/\/ninhson-vn.com\/wp-content\/uploads\/z7601692799146_8c79259dd898262a632b036910fcd1f3-768x530.jpg 768w, https:\/\/ninhson-vn.com\/wp-content\/uploads\/z7601692799146_8c79259dd898262a632b036910fcd1f3-300x207.jpg 300w, https:\/\/ninhson-vn.com\/wp-content\/uploads\/z7601692799146_8c79259dd898262a632b036910fcd1f3-600x414.jpg 600w\" sizes=\"auto, (max-width: 1022px) 100vw, 1022px\" \/><\/a><\/p>\n","protected":false},"featured_media":691,"comment_status":"open","ping_status":"closed","template":"","meta":[],"product_brand":[],"product_cat":[50,53],"product_tag":[],"class_list":{"0":"post-690","1":"product","2":"type-product","3":"status-publish","4":"has-post-thumbnail","6":"product_cat-phu-kien-may-ep-nhua","7":"product_cat-phu-kien-robot","9":"first","10":"instock","11":"shipping-taxable","12":"product-type-simple"},"yoast_head":"<!-- This site is optimized with the Yoast SEO Premium plugin v23.2 (Yoast SEO v25.8) - https:\/\/yoast.com\/wordpress\/plugins\/seo\/ -->\n<title>B\u1ed9 g\u00e1 b\u00e0n g\u1eafp nhanh robot NS-QR-01 - C\u00d4NG TY TNHH TH\u01af\u01a0NG M\u1ea0I D\u1ecaCH V\u1ee4 V\u00c0 S\u1ea2N PH\u1ea8M NINH S\u01a0N<\/title>\n<meta name=\"description\" content=\"B\u1ed9 g\u00e1 nhanh NS-QR-01 d\u00f9ng cho b\u00e0n g\u1eafp robot m\u00e1y \u00e9p nh\u1ef1a.Thi\u1ebft b\u1ecb gi\u00fap thay \u0111\u1ed5i \u0111\u1ea7u g\u1eafp robot nhanh ch\u00f3ng v\u00e0 ch\u00ednh x\u00e1c\" \/>\n<meta name=\"robots\" content=\"noindex, follow, max-snippet:-1, max-image-preview:large, max-video-preview:-1\" \/>\n<meta property=\"og:locale\" content=\"vi_VN\" \/>\n<meta property=\"og:type\" content=\"article\" \/>\n<meta property=\"og:title\" content=\"B\u1ed9 g\u00e1 b\u00e0n g\u1eafp nhanh robot NS-QR-01\" \/>\n<meta property=\"og:description\" content=\"B\u1ed9 g\u00e1 nhanh NS-QR-01 d\u00f9ng cho b\u00e0n g\u1eafp robot m\u00e1y \u00e9p nh\u1ef1a.Thi\u1ebft b\u1ecb gi\u00fap thay \u0111\u1ed5i \u0111\u1ea7u g\u1eafp robot nhanh ch\u00f3ng v\u00e0 ch\u00ednh x\u00e1c\" \/>\n<meta property=\"og:url\" content=\"https:\/\/ninhson-vn.com\/?product=bo-ga-ban-gap-nhanh-robot-ns-qr-01\" \/>\n<meta property=\"og:site_name\" content=\"C\u00d4NG TY TNHH TH\u01af\u01a0NG M\u1ea0I D\u1ecaCH V\u1ee4 V\u00c0 S\u1ea2N PH\u1ea8M NINH S\u01a0N\" \/>\n<meta property=\"article:modified_time\" content=\"2026-05-10T10:55:36+00:00\" \/>\n<meta property=\"og:image\" content=\"https:\/\/ninhson-vn.com\/wp-content\/uploads\/z7601511834849_8b51cf975d146b9ebb9718f3e80f0f5f.jpg\" \/>\n\t<meta property=\"og:image:width\" content=\"1920\" \/>\n\t<meta property=\"og:image:height\" content=\"2560\" \/>\n\t<meta property=\"og:image:type\" content=\"image\/jpeg\" \/>\n<meta name=\"twitter:card\" content=\"summary_large_image\" \/>\n<meta name=\"twitter:label1\" content=\"\u01af\u1edbc t\u00ednh th\u1eddi gian \u0111\u1ecdc\" \/>\n\t<meta name=\"twitter:data1\" content=\"4 ph\u00fat\" \/>\n<script type=\"application\/ld+json\" class=\"yoast-schema-graph\">{\"@context\":\"https:\/\/schema.org\",\"@graph\":[{\"@type\":\"WebPage\",\"@id\":\"https:\/\/ninhson-vn.com\/?product=bo-ga-ban-gap-nhanh-robot-ns-qr-01\",\"url\":\"https:\/\/ninhson-vn.com\/?product=bo-ga-ban-gap-nhanh-robot-ns-qr-01\",\"name\":\"B\u1ed9 g\u00e1 b\u00e0n g\u1eafp nhanh robot NS-QR-01 - C\u00d4NG TY TNHH TH\u01af\u01a0NG M\u1ea0I D\u1ecaCH V\u1ee4 V\u00c0 S\u1ea2N PH\u1ea8M NINH S\u01a0N\",\"isPartOf\":{\"@id\":\"https:\/\/ninhson-vn.com\/#website\"},\"primaryImageOfPage\":{\"@id\":\"https:\/\/ninhson-vn.com\/?product=bo-ga-ban-gap-nhanh-robot-ns-qr-01#primaryimage\"},\"image\":{\"@id\":\"https:\/\/ninhson-vn.com\/?product=bo-ga-ban-gap-nhanh-robot-ns-qr-01#primaryimage\"},\"thumbnailUrl\":\"https:\/\/ninhson-vn.com\/wp-content\/uploads\/z7601511834849_8b51cf975d146b9ebb9718f3e80f0f5f.jpg\",\"datePublished\":\"2026-03-09T03:53:59+00:00\",\"dateModified\":\"2026-05-10T10:55:36+00:00\",\"description\":\"B\u1ed9 g\u00e1 nhanh NS-QR-01 d\u00f9ng cho b\u00e0n g\u1eafp robot m\u00e1y \u00e9p nh\u1ef1a.Thi\u1ebft b\u1ecb gi\u00fap thay \u0111\u1ed5i \u0111\u1ea7u g\u1eafp robot nhanh ch\u00f3ng v\u00e0 ch\u00ednh x\u00e1c\",\"breadcrumb\":{\"@id\":\"https:\/\/ninhson-vn.com\/?product=bo-ga-ban-gap-nhanh-robot-ns-qr-01#breadcrumb\"},\"inLanguage\":\"vi\",\"potentialAction\":[{\"@type\":\"ReadAction\",\"target\":[\"https:\/\/ninhson-vn.com\/?product=bo-ga-ban-gap-nhanh-robot-ns-qr-01\"]}]},{\"@type\":\"ImageObject\",\"inLanguage\":\"vi\",\"@id\":\"https:\/\/ninhson-vn.com\/?product=bo-ga-ban-gap-nhanh-robot-ns-qr-01#primaryimage\",\"url\":\"https:\/\/ninhson-vn.com\/wp-content\/uploads\/z7601511834849_8b51cf975d146b9ebb9718f3e80f0f5f.jpg\",\"contentUrl\":\"https:\/\/ninhson-vn.com\/wp-content\/uploads\/z7601511834849_8b51cf975d146b9ebb9718f3e80f0f5f.jpg\",\"width\":1920,\"height\":2560},{\"@type\":\"BreadcrumbList\",\"@id\":\"https:\/\/ninhson-vn.com\/?product=bo-ga-ban-gap-nhanh-robot-ns-qr-01#breadcrumb\",\"itemListElement\":[{\"@type\":\"ListItem\",\"position\":1,\"name\":\"Trang ch\u1ee7\",\"item\":\"https:\/\/ninhson-vn.com\/\"},{\"@type\":\"ListItem\",\"position\":2,\"name\":\"C\u1eeda h\u00e0ng\",\"item\":\"https:\/\/ninhson-vn.com\/?page_id=12\"},{\"@type\":\"ListItem\",\"position\":3,\"name\":\"B\u1ed9 g\u00e1 b\u00e0n g\u1eafp nhanh robot NS-QR-01\"}]},{\"@type\":\"WebSite\",\"@id\":\"https:\/\/ninhson-vn.com\/#website\",\"url\":\"https:\/\/ninhson-vn.com\/\",\"name\":\"C\u00d4NG TY TNHH TH\u01af\u01a0NG M\u1ea0I D\u1ecaCH V\u1ee4 V\u00c0 S\u1ea2N PH\u1ea8M NINH S\u01a0N\",\"description\":\"\",\"potentialAction\":[{\"@type\":\"SearchAction\",\"target\":{\"@type\":\"EntryPoint\",\"urlTemplate\":\"https:\/\/ninhson-vn.com\/?s={search_term_string}\"},\"query-input\":{\"@type\":\"PropertyValueSpecification\",\"valueRequired\":true,\"valueName\":\"search_term_string\"}}],\"inLanguage\":\"vi\"}]}<\/script>\n<!-- \/ Yoast SEO Premium plugin. -->","yoast_head_json":{"title":"B\u1ed9 g\u00e1 b\u00e0n g\u1eafp nhanh robot NS-QR-01 - C\u00d4NG TY TNHH TH\u01af\u01a0NG M\u1ea0I D\u1ecaCH V\u1ee4 V\u00c0 S\u1ea2N PH\u1ea8M NINH S\u01a0N","description":"B\u1ed9 g\u00e1 nhanh NS-QR-01 d\u00f9ng cho b\u00e0n g\u1eafp robot m\u00e1y \u00e9p nh\u1ef1a.Thi\u1ebft b\u1ecb gi\u00fap thay \u0111\u1ed5i \u0111\u1ea7u g\u1eafp robot nhanh ch\u00f3ng v\u00e0 ch\u00ednh x\u00e1c","robots":{"index":"noindex","follow":"follow","max-snippet":"max-snippet:-1","max-image-preview":"max-image-preview:large","max-video-preview":"max-video-preview:-1"},"og_locale":"vi_VN","og_type":"article","og_title":"B\u1ed9 g\u00e1 b\u00e0n g\u1eafp nhanh robot NS-QR-01","og_description":"B\u1ed9 g\u00e1 nhanh NS-QR-01 d\u00f9ng cho b\u00e0n g\u1eafp robot m\u00e1y \u00e9p nh\u1ef1a.Thi\u1ebft b\u1ecb gi\u00fap thay \u0111\u1ed5i \u0111\u1ea7u g\u1eafp robot nhanh ch\u00f3ng v\u00e0 ch\u00ednh x\u00e1c","og_url":"https:\/\/ninhson-vn.com\/?product=bo-ga-ban-gap-nhanh-robot-ns-qr-01","og_site_name":"C\u00d4NG TY TNHH TH\u01af\u01a0NG M\u1ea0I D\u1ecaCH V\u1ee4 V\u00c0 S\u1ea2N PH\u1ea8M NINH S\u01a0N","article_modified_time":"2026-05-10T10:55:36+00:00","og_image":[{"width":1920,"height":2560,"url":"https:\/\/ninhson-vn.com\/wp-content\/uploads\/z7601511834849_8b51cf975d146b9ebb9718f3e80f0f5f.jpg","type":"image\/jpeg"}],"twitter_card":"summary_large_image","twitter_misc":{"\u01af\u1edbc t\u00ednh th\u1eddi gian \u0111\u1ecdc":"4 ph\u00fat"},"schema":{"@context":"https:\/\/schema.org","@graph":[{"@type":"WebPage","@id":"https:\/\/ninhson-vn.com\/?product=bo-ga-ban-gap-nhanh-robot-ns-qr-01","url":"https:\/\/ninhson-vn.com\/?product=bo-ga-ban-gap-nhanh-robot-ns-qr-01","name":"B\u1ed9 g\u00e1 b\u00e0n g\u1eafp nhanh robot NS-QR-01 - C\u00d4NG TY TNHH TH\u01af\u01a0NG M\u1ea0I D\u1ecaCH V\u1ee4 V\u00c0 S\u1ea2N PH\u1ea8M NINH S\u01a0N","isPartOf":{"@id":"https:\/\/ninhson-vn.com\/#website"},"primaryImageOfPage":{"@id":"https:\/\/ninhson-vn.com\/?product=bo-ga-ban-gap-nhanh-robot-ns-qr-01#primaryimage"},"image":{"@id":"https:\/\/ninhson-vn.com\/?product=bo-ga-ban-gap-nhanh-robot-ns-qr-01#primaryimage"},"thumbnailUrl":"https:\/\/ninhson-vn.com\/wp-content\/uploads\/z7601511834849_8b51cf975d146b9ebb9718f3e80f0f5f.jpg","datePublished":"2026-03-09T03:53:59+00:00","dateModified":"2026-05-10T10:55:36+00:00","description":"B\u1ed9 g\u00e1 nhanh NS-QR-01 d\u00f9ng cho b\u00e0n g\u1eafp robot m\u00e1y \u00e9p nh\u1ef1a.Thi\u1ebft b\u1ecb gi\u00fap thay \u0111\u1ed5i \u0111\u1ea7u g\u1eafp robot nhanh ch\u00f3ng v\u00e0 ch\u00ednh x\u00e1c","breadcrumb":{"@id":"https:\/\/ninhson-vn.com\/?product=bo-ga-ban-gap-nhanh-robot-ns-qr-01#breadcrumb"},"inLanguage":"vi","potentialAction":[{"@type":"ReadAction","target":["https:\/\/ninhson-vn.com\/?product=bo-ga-ban-gap-nhanh-robot-ns-qr-01"]}]},{"@type":"ImageObject","inLanguage":"vi","@id":"https:\/\/ninhson-vn.com\/?product=bo-ga-ban-gap-nhanh-robot-ns-qr-01#primaryimage","url":"https:\/\/ninhson-vn.com\/wp-content\/uploads\/z7601511834849_8b51cf975d146b9ebb9718f3e80f0f5f.jpg","contentUrl":"https:\/\/ninhson-vn.com\/wp-content\/uploads\/z7601511834849_8b51cf975d146b9ebb9718f3e80f0f5f.jpg","width":1920,"height":2560},{"@type":"BreadcrumbList","@id":"https:\/\/ninhson-vn.com\/?product=bo-ga-ban-gap-nhanh-robot-ns-qr-01#breadcrumb","itemListElement":[{"@type":"ListItem","position":1,"name":"Trang ch\u1ee7","item":"https:\/\/ninhson-vn.com\/"},{"@type":"ListItem","position":2,"name":"C\u1eeda h\u00e0ng","item":"https:\/\/ninhson-vn.com\/?page_id=12"},{"@type":"ListItem","position":3,"name":"B\u1ed9 g\u00e1 b\u00e0n g\u1eafp nhanh robot NS-QR-01"}]},{"@type":"WebSite","@id":"https:\/\/ninhson-vn.com\/#website","url":"https:\/\/ninhson-vn.com\/","name":"C\u00d4NG TY TNHH TH\u01af\u01a0NG M\u1ea0I D\u1ecaCH V\u1ee4 V\u00c0 S\u1ea2N PH\u1ea8M NINH S\u01a0N","description":"","potentialAction":[{"@type":"SearchAction","target":{"@type":"EntryPoint","urlTemplate":"https:\/\/ninhson-vn.com\/?s={search_term_string}"},"query-input":{"@type":"PropertyValueSpecification","valueRequired":true,"valueName":"search_term_string"}}],"inLanguage":"vi"}]}},"_links":{"self":[{"href":"https:\/\/ninhson-vn.com\/index.php?rest_route=\/wp\/v2\/product\/690","targetHints":{"allow":["GET"]}}],"collection":[{"href":"https:\/\/ninhson-vn.com\/index.php?rest_route=\/wp\/v2\/product"}],"about":[{"href":"https:\/\/ninhson-vn.com\/index.php?rest_route=\/wp\/v2\/types\/product"}],"replies":[{"embeddable":true,"href":"https:\/\/ninhson-vn.com\/index.php?rest_route=%2Fwp%2Fv2%2Fcomments&post=690"}],"wp:featuredmedia":[{"embeddable":true,"href":"https:\/\/ninhson-vn.com\/index.php?rest_route=\/wp\/v2\/media\/691"}],"wp:attachment":[{"href":"https:\/\/ninhson-vn.com\/index.php?rest_route=%2Fwp%2Fv2%2Fmedia&parent=690"}],"wp:term":[{"taxonomy":"product_brand","embeddable":true,"href":"https:\/\/ninhson-vn.com\/index.php?rest_route=%2Fwp%2Fv2%2Fproduct_brand&post=690"},{"taxonomy":"product_cat","embeddable":true,"href":"https:\/\/ninhson-vn.com\/index.php?rest_route=%2Fwp%2Fv2%2Fproduct_cat&post=690"},{"taxonomy":"product_tag","embeddable":true,"href":"https:\/\/ninhson-vn.com\/index.php?rest_route=%2Fwp%2Fv2%2Fproduct_tag&post=690"}],"curies":[{"name":"wp","href":"https:\/\/api.w.org\/{rel}","templated":true}]}}